ivisor of t and 165?
15
Suppose 0 = 27*l - 21*l - 7098. What is the highest common factor of 273 and l?
91
Suppose 1920 = -2079*d + 2109*d. What is the highest common divisor of d and 180?
4
Let b(p) = p**2 - 8*p - 8. Let g be b(7). Let c = g + 50. Suppose -547*m + 550*m - 475 = 5*o, 4*o = -3*m + 565. What is the highest common factor of m and c?
35
Let b(h) = 22*h**2 + 511*h + 117. Let g be b(-23). Calculate the highest common factor of 1171 and g.
1
Let q be (2456/3)/1*(-81)/(-54). What is the highest common divisor of q and 12?
4
Let a = 3120 + -1311. Calculate the highest common factor of 804 and a.
201
Let r be (-20)/(260/(-5707)) - -23. Calculate the highest common factor of r and 319.
11
Suppose -6*l = -l, 0 = 3*v - 4*l + 9. Let d(c) = -12*c + 51. Let i be d(2). Let o be i - 5*v/(-15). What is the highest common divisor of o and 39?
13
Let l = 8 + -6. Suppose -52 = -0*a - 4*a - t, -13 = -a + l*t. Suppose -63*x = -x - 806. What is the highest common divisor of a and x?
13
Let u be 6/(-36) - (-73)/6. Suppose -b + 22 = 2*m, 5*m - 2 = -u. Calculate the greatest common divisor of 26 and b.
26
Let s = -306 - -311. Let m = -47 - -47. Let d(w) = w**3 - w**2 + 2*w + 2. Let h be d(m). Calculate the greatest common factor of s and h.
1
Suppose -2*x - 1 = -5. Let w = 64 + -72. Let s be (3/(-6))/(w/16). What is the highest common divisor of x and s?
1
Let i be (-570)/(-45)*(-1 - -4). Suppose 0 = c - i - 10. Suppose l + 24 = 5*l. Calculate the highest common factor of c and l.
6
Let g(i) = 9*i - 25*i + 60 + 6*i + 9*i. Let h = 29 + -29. Let f be g(h). Calculate the greatest common factor of f and 12.
12
Let b be ((-16)/(-1 + 3))/(-1). Let o(v) = 5*v**2 + 15*v - 80. Let q be o(4). Suppose q*n = 49*n + 132. Calculate the highest common factor of n and b.
4
Let v(k) = -230*k - 1467. Let j be v(-7). What is the greatest common divisor of 1859 and j?
143
Suppose 249*u - 1044 = 133*u. What is the greatest common divisor of u and 1308?
3
Suppose -2*m = -3*q + 522, -9*m = 3*q - 8*m - 522. Calculate the highest common divisor of 102 and q.
6
Let k(s) = -s**3 + 54*s**2 + 54*s + 466. Let d be k(55). What is the highest common divisor of 1781 and d?
137
Let s(h) = 5*h**2 - 5*h - 8. Let r(v) = 3*v + 0*v - 3*v**2 - 48 + 46. Let m be r(1). Let z be s(m). What is the greatest common divisor of 33 and z?
11
Let h be (4 + (-34)/6)*-18 + 3. Calculate the greatest common factor of h and 913.
11
Let b = -4919 + 5126. Calculate the highest common factor of b and 851.
23
Suppose 39*x - 4624 = -26*x - 3*x. Let m = 20 - 3. What is the greatest common divisor of m and x?
17
Suppose -15*w - 98 + 713 = 0. Let v be 203 + -9 + 8 + 2 + 1. What is the greatest common factor of v and w?
41
Let q = -154 - -220. Calculate the highest common factor of 8844 and q.
66
Let i(a) = -a**3 + 15*a**2 - 11*a - 192. Let u be i(13). Let j = -1 + 2. Calculate the highest common divisor of j and u.
1
Suppose u + 93 = 2*m - 356, -1123 = -5*m + 3*u. Calculate the highest common factor of m and 1152.
32
Let l be 0 - (4976/(-22) + 4/22). Suppose 9*d - l = 350. Let i = -42 + d. Calculate the greatest common factor of 44 and i.
22
Suppose j + 87 = 5*c, 0 = -7*j + 9*j + 14. Let q = -13 - -27. Calculate the greatest common factor of c and q.
2
Let t(m) = -m. Let o(g) = -g**3 + 7*g**2 - 3*g + 12. Let a(n) = o(n) + t(n). Let u be a(6). What is the greatest common divisor of u and 24?
24
Let s(q) = 179*q - 176. Let n be s(1). What is the highest common factor of n and 32?
1
Suppose -3*a - 9 = 0, 0 = 3*z + a + 2*a - 4839. Suppose 2*u - 566 = -3*o, -z = -4*u + 5*o - 440. Calculate the greatest common factor of 17 and u.
17
Suppose -3*f - 4*r = -1315, 0 = 4*f - 4*r - 2092 + 320. What is the highest common divisor of 14 and f?
7
Suppose -11*z + 51*m - 50*m + 10284 = 0, 0 = 4*z + 2*m - 3742. Calculate the highest common factor of 1105 and z.
85
Suppose -20*i + 9*i - 3920 = -25*i. What is the greatest common factor of i and 640?
40
Suppose 7*k - 287 = 952. What is the greatest common divisor of k and 2891?
59
Suppose 5*j = -0*j + 35. Let h be (-3716)/10 + (-11)/(110/4). Let r = h - -379. Calculate the highest common divisor of r and j.
7
Let l(q) = 163*q + 9463. Let k be l(-58). Let p = 629 - 332. What is the highest common factor of k and p?
9
Let s = -6643 + 13538. What is the greatest common factor of s and 70?
35
Let u be 2/(2/86*2). Suppose -3*j - 2*t = -6*t - u, -3*j + t = -31. Let r be 3/j*9 + 3. What is the highest common divisor of 66 and r?
6
Suppose -16 = -4*y + 3*z + 12, -3*y = -4*z - 28. Suppose -16 = -11*t + 160. Suppose 2*v - t = y. Calculate the greatest common factor of 40 and v.
10
Suppose -94 = 19*m - 376 - 136. Let o = 2 + 2. Suppose 0 = o*d - 2*d - 88. What is the highest common factor of m and d?
22
Let o(n) = 4*n**3 + 77*n**2 - 353*n + 371. Let c be o(-23). Let p = 7 + 8. What is the greatest common factor of c and p?
15
Let i(w) be the third derivative of w**5/15 - w**4/12 + w**3/3 + 334*w**2. Let l = -5 + 9. Let b be i(l). Calculate the greatest common divisor of b and 58.
58
Let l = 280 - 20. Let g = -143 + l. What is the greatest common factor of 9 and g?
9
Let r = -1268 - -2882. Let i be 2/5 - r/(-15). Let k be (178 - -2)*2/5. What is the greatest common factor of k and i?
36
Let c be (-21)/(-7)*(2 + (-5868)/(-9) - -1). Calculate the highest common factor of 315 and c.
15
Suppose 2*v + 16*s - 144 = 14*s, -3*v = s - 232. What is the greatest common divisor of v and 4660?
20
Let c be (-476)/(-16) + (-45)/(-18) + 6/8. Let o = 1479 - 753. What is the greatest common factor of c and o?
33
Suppose -244 = 4*r - 260. Suppose 3*c + 47 = -a + 2*a, -20 = -r*c. What is the greatest common factor of a and 248?
62
Let k(j) = -j**3 - 8*j**2 + 2*j + 17. Let n be k(-6). Let t = n - -63. Let h be (0 + t)/(8/(-28)). Calculate the greatest common factor of 126 and h.
14
Let n(i) = -2*i**2 + 31*i - 21. Let s be n(15). Let y = -12 - -27. Let b = y + s. What is the highest common divisor of 45 and b?
9
Let b(m) = 37*m - 200. Let f be b(13). Let t = 296 - f. What is the highest common divisor of t and 95?
5
Let m = 4686 + -4037. Calculate the greatest common factor of m and 55.
11
Suppose -6*v - 4*o = -2168, -2*o = 7*v - 11*v + 1422. Let k = v + -137. What is the highest common factor of 13 and k?
13
Let d = 8807 - 8004. Calculate the greatest common factor of 876 and d.
73
Let p(n) = 2*n - 67. Let x be p(21). Let i(f) = -19*f - 130. Let r be i(x). What is the greatest common factor of r and 15?
15
Let f = -7331 - -7431. Calculate the greatest common divisor of f and 30.
10
Let r(x) be the first derivative of x**4/4 - 19*x**3/3 - 17*x**2/2 - 50*x - 211. Let a be r(20). Calculate the highest common factor of 230 and a.
10
Let l(j) = 3*j**2 + 2*j. Let r be l(-3). Calculate the greatest common factor of 1113 and r.
21
Suppose -665 = -7*v + 147. Let u = 267 - 93. Calculate the greatest common factor of v and u.
58
Let h = -1657 - -1697. Calculate the greatest common divisor of h and 980.
20
Suppose -5*m = -5*f - 3211 + 11146, -4*m - 20 = 0. What is the highest common divisor of f and 112?
14
Let b = 13 - 10. Suppose -5*g + b*g + 4 = 0. Let p be (-1)/(g/(-5))*14. What is the greatest common divisor of p and 14?
7
Let x = -224 + 2870. What is the highest common factor of x and 21?
21
Let h be (110/(-20))/(2/(-4)). Let i = 26 - h. Let y be (20/i)/(2 + (-69)/36). Calculate the highest common factor of y and 2.
2
Let s be 2/3 + (-82)/(-3). Suppose 301 + 259 = 5*a. Calculate the highest common divisor of s and a.
28
Let y(k) = -k - 11. Let c be y(-14). Suppose -c*l - o = 1123, -2*o = -4*l - 1190 - 294. Let n = -263 - l. What is the greatest common divisor of 275 and n?
55
Let d(j) = -j**2 + 21*j - 3. Suppose 14 - 152 = -6*k. Let x be d(k). Let i = 56 + x. What is the greatest common factor of i and 21?
7
Let p be (-3)/(-18)*3 + (-56559)/(-34). Let b be -9*(1170/(-81))/10. Calculate the highest common divisor of b and p.
13
Let h be ((-8)/(-6))/(-4)*(-2 - -14). Let y be 14 + 2 - h - -6. What is the highest common factor of y and 169?
13
Suppose -5*n + 28 = -42. Suppose -4*t + 381 = 81. Let d = t + -19. Calculate the greatest common divisor of n and d.
14
Let i = 415225 + -415193. Let k be 2/(-1 + 3) + 15. Calculate th